{"id":17,"date":"2016-03-04T10:26:36","date_gmt":"2016-03-04T10:26:36","guid":{"rendered":"http:\/\/www.almazararonda.com\/web\/?page_id=17"},"modified":"2019-07-11T13:18:54","modified_gmt":"2019-07-11T11:18:54","slug":"condiciones","status":"publish","type":"page","link":"https:\/\/www.almazararonda.com\/web\/condiciones\/","title":{"rendered":"Condiciones de Uso"},"content":{"rendered":"\n<h2 class=\"wp-block-heading\">Precios<\/h2>\n\n\n\n<p>Los precios aplicables a los productos son los que figuran en el momento del pedido. En la visi\u00f3n de producto o listado de \u00e9stos, los precios le ser\u00e1n informados con desglose de impuestos (IVA o similares) antes de finalizar el pago. Los precios se muestran con IVA incluido. Cuando usted formalice el pedido, el sistema le informar\u00e1 de forma detallada del total de la base imponible del mismo, de los impuestos repercutibles y de los gastos de env\u00edo correspondientes.<\/p>\n\n\n\n<p>Los impuestos, tasas y gastos de env\u00edos variar\u00e1n en funci\u00f3n de la zona fiscal o f\u00edsica desde donde se realice o tenga que ser enviado el pedido por lo que podr\u00e1 modificarse o descontarse tras seleccionar la zona de env\u00edo.<\/p>\n\n\n\n<p>Las ofertas o vales de descuento pueden tener una fecha de caducidad a partir de la cual ya no sean v\u00e1lidas.<\/p>\n\n\n\n<h2 class=\"wp-block-heading\">Pago<\/h2>\n\n\n\n<p>Las compras de los productos y servicios podr\u00e1n pagarse con transferencia bancaria, o a trav\u00e9s del sistema de banca electr\u00f3nica de PayPal, que a su vez permite el uso de tarjetas de cr\u00e9dido o el pago a trav\u00e9s del cr\u00e9dito que cada usuario de \u00e9ste tenga en su cuenta de PayPal.<\/p>\n\n\n\n<p>En el supuesto de que usted quiera abonar su compra mediante tarjeta de cr\u00e9dito, PayPal o la entidad financiera gestionar\u00e1 el cobro dentro de un servidor seguro y con gran experiencia en la gesti\u00f3n de cobros por internet.<\/p>\n\n\n\n<p>En el caso de pago con transferencia bancaria, se solicitar\u00e1, adem\u00e1s de esta, un fax o mail acreditativo de dicha transacci\u00f3n. En los pagos por transferencia desde un pa\u00eds diferente a Espa\u00f1a, el sistema adem\u00e1s facilita el c\u00f3digo SWIFT que deber\u00e1 indicar en su entidad bancaria as\u00ed como el n\u00famero de cuenta donde realizar el ingreso.<\/p>\n\n\n\n<h2 class=\"wp-block-heading\">Env\u00edo y entrega<\/h2>\n\n\n\n<p>Los gastos derivados el env\u00edo correr\u00e1n a cargo del cliente, inform\u00e1ndole en todo momento antes de aceptar el pedido, de los gastos de env\u00edo exacto que se derivan del mismo.&nbsp;Los productos adquiridos se entregar\u00e1n a la persona\/empresa y en la direcci\u00f3n indicada, dentro del plazo indicado para cada tipo de env\u00edo.<\/p>\n\n\n\n<p>Se servir\u00e1n productos en las zonas y pa\u00edses en los cuales el sistema permita. Almazara Ronda no se encuentra obligada a servir pedidos fuera de estas zonas. En caso de necesitarlo por favor p\u00f3ngase en contacto con nosotros a trav\u00e9s de los medios disponibles en este sitio web para acordar una forma de env\u00edo alternativa.<\/p>\n\n\n\n<p>No se servir\u00e1n pedidos en apartados de correos y se reserva el derecho de retener el env\u00edo de pedidos con direcciones err\u00f3neas. En todo caso, nuestro departamento de atenci\u00f3n al cliente se pondr\u00e1 en contacto con usted seg\u00fan los datos facilitados para cualquier incidencia o duda que pueda surgir en la tramitaci\u00f3n de su pedido.<\/p>\n\n\n\n<h2 class=\"wp-block-heading\">Protocolo del pedido<\/h2>\n\n\n\n<p>Una vez realizado un pedido a trav\u00e9s del sistema, recibir\u00e1 un e-mail a la direcci\u00f3n que nos haya suministrado, con la informaci\u00f3n completa del pedido (n\u00famero de pedido, forma de pago, productos, m\u00e9todo de env\u00edo y precios completos de productos, env\u00edo e impuestos). Ese comprobante electr\u00f3nico le servir\u00e1 para futuras gestiones y para que usted pueda consultar en cualquier momento el estado de su pedido dentro del \u00e1rea de clientes de la p\u00e1gina web.<\/p>\n\n\n\n<h2 class=\"wp-block-heading\">Jurisdicci\u00f3n<\/h2>\n\n\n\n<p>Estas Condiciones generales se rigen por la ley espa\u00f1ola. Almazara de Ronda SCA y el usuario, con renuncia expresa a cualquier otro fuero, se somenten a los Juzgados y Tribunales de Ronda para cualquier controversia que pudiera derivarse de la prestaci\u00f3n de los servicios objeto de estas Condiciones Generales.<\/p>\n\n\n\n<p>En el caso de que el Usuario tenga su domicilio fuera de Espa\u00f1a, Almazara de Ronda SCA y el Usuario se somenten, con renuncia expresa a cualquier otro fuero, a los juzgados y tribunales de la ciudad de Ronda (Espa\u00f1a).<\/p>\n","protected":false},"excerpt":{"rendered":"<p>Precios Los precios aplicables a los productos son los que figuran en el momento del pedido. En la visi\u00f3n de producto o listado de \u00e9stos, los precios le ser\u00e1n informados con desglose de impuestos (IVA [&hellip;]<\/p>\n","protected":false},"author":1,"featured_media":0,"parent":0,"menu_order":0,"comment_status":"closed","ping_status":"closed","template":"","meta":{"footnotes":""},"class_list":["post-17","page","type-page","status-publish","hentry","clearfix"],"_links":{"self":[{"href":"https:\/\/www.almazararonda.com\/web\/wp-json\/wp\/v2\/pages\/17","targetHints":{"allow":["GET"]}}],"collection":[{"href":"https:\/\/www.almazararonda.com\/web\/wp-json\/wp\/v2\/pages"}],"about":[{"href":"https:\/\/www.almazararonda.com\/web\/wp-json\/wp\/v2\/types\/page"}],"author":[{"embeddable":true,"href":"https:\/\/www.almazararonda.com\/web\/wp-json\/wp\/v2\/users\/1"}],"replies":[{"embeddable":true,"href":"https:\/\/www.almazararonda.com\/web\/wp-json\/wp\/v2\/comments?post=17"}],"version-history":[{"count":2,"href":"https:\/\/www.almazararonda.com\/web\/wp-json\/wp\/v2\/pages\/17\/revisions"}],"predecessor-version":[{"id":313,"href":"https:\/\/www.almazararonda.com\/web\/wp-json\/wp\/v2\/pages\/17\/revisions\/313"}],"wp:attachment":[{"href":"https:\/\/www.almazararonda.com\/web\/wp-json\/wp\/v2\/media?parent=17"}],"curies":[{"name":"wp","href":"https:\/\/api.w.org\/{rel}","templated":true}]}}