{"id":26,"date":"2016-03-04T10:34:12","date_gmt":"2016-03-04T10:34:12","guid":{"rendered":"http:\/\/www.almazararonda.com\/web\/?page_id=26"},"modified":"2020-08-13T11:47:15","modified_gmt":"2020-08-13T09:47:15","slug":"servicios","status":"publish","type":"page","link":"https:\/\/www.almazararonda.com\/web\/servicios\/","title":{"rendered":"Servicios"},"content":{"rendered":"<p>Con el deseo de aportarles los m\u00e1ximos beneficios a nuestros Socios-Cooperativistas, hemos instalado un surtidor de Gas-oil, de los tipos \u00abA\u00bb y \u00abB\u00bb.<\/p>\n<p>Les recomendamos su suministro, toda vez que hemos conseguido en su precio, un ahorro que ronda un m\u00ednimo de 6 c\u00e9ntimos menos con respecto a los m\u00e1s bajos precio del mercado actual de la zona, como por ejemplo la gasolinera de Los Pinos.<\/p>\n<div id='gallery-1' class='gallery galleryid-26 gallery-columns-3 gallery-size-medium'><figure class='gallery-item'>\n\t\t\t<div class='gallery-icon landscape'>\n\t\t\t\t<a href='https:\/\/www.almazararonda.com\/web\/servicios\/gasoleos02\/'><img loading=\"lazy\" decoding=\"async\" width=\"300\" height=\"225\" src=\"https:\/\/www.almazararonda.com\/web\/wp-content\/uploads\/2016\/03\/gasoleos02-300x225.jpg\" class=\"attachment-medium size-medium\" alt=\"\" srcset=\"https:\/\/www.almazararonda.com\/web\/wp-content\/uploads\/2016\/03\/gasoleos02-300x225.jpg 300w, https:\/\/www.almazararonda.com\/web\/wp-content\/uploads\/2016\/03\/gasoleos02-600x450.jpg 600w, https:\/\/www.almazararonda.com\/web\/wp-content\/uploads\/2016\/03\/gasoleos02-768x576.jpg 768w, https:\/\/www.almazararonda.com\/web\/wp-content\/uploads\/2016\/03\/gasoleos02.jpg 800w\" sizes=\"auto, (max-width: 300px) 100vw, 300px\" \/><\/a>\n\t\t\t<\/div><\/figure><figure class='gallery-item'>\n\t\t\t<div class='gallery-icon landscape'>\n\t\t\t\t<a href='https:\/\/www.almazararonda.com\/web\/servicios\/gasoleos01\/'><img loading=\"lazy\" decoding=\"async\" width=\"300\" height=\"225\" src=\"https:\/\/www.almazararonda.com\/web\/wp-content\/uploads\/2016\/03\/gasoleos01-300x225.jpg\" class=\"attachment-medium size-medium\" alt=\"\" srcset=\"https:\/\/www.almazararonda.com\/web\/wp-content\/uploads\/2016\/03\/gasoleos01-300x225.jpg 300w, https:\/\/www.almazararonda.com\/web\/wp-content\/uploads\/2016\/03\/gasoleos01-600x450.jpg 600w, https:\/\/www.almazararonda.com\/web\/wp-content\/uploads\/2016\/03\/gasoleos01-768x576.jpg 768w, https:\/\/www.almazararonda.com\/web\/wp-content\/uploads\/2016\/03\/gasoleos01.jpg 800w\" sizes=\"auto, (max-width: 300px) 100vw, 300px\" \/><\/a>\n\t\t\t<\/div><\/figure>\n\t\t<\/div>\n\n","protected":false},"excerpt":{"rendered":"<p>Con el deseo de aportarles los m\u00e1ximos beneficios a nuestros Socios-Cooperativistas, hemos instalado un surtidor de Gas-oil, de los tipos \u00abA\u00bb y \u00abB\u00bb. Les recomendamos su suministro, toda vez que hemos conseguido en su precio, [&hellip;]<\/p>\n","protected":false},"author":1,"featured_media":28,"parent":0,"menu_order":0,"comment_status":"closed","ping_status":"closed","template":"","meta":{"footnotes":""},"class_list":["post-26","page","type-page","status-publish","has-post-thumbnail","hentry","clearfix"],"_links":{"self":[{"href":"https:\/\/www.almazararonda.com\/web\/wp-json\/wp\/v2\/pages\/26","targetHints":{"allow":["GET"]}}],"collection":[{"href":"https:\/\/www.almazararonda.com\/web\/wp-json\/wp\/v2\/pages"}],"about":[{"href":"https:\/\/www.almazararonda.com\/web\/wp-json\/wp\/v2\/types\/page"}],"author":[{"embeddable":true,"href":"https:\/\/www.almazararonda.com\/web\/wp-json\/wp\/v2\/users\/1"}],"replies":[{"embeddable":true,"href":"https:\/\/www.almazararonda.com\/web\/wp-json\/wp\/v2\/comments?post=26"}],"version-history":[{"count":5,"href":"https:\/\/www.almazararonda.com\/web\/wp-json\/wp\/v2\/pages\/26\/revisions"}],"predecessor-version":[{"id":601,"href":"https:\/\/www.almazararonda.com\/web\/wp-json\/wp\/v2\/pages\/26\/revisions\/601"}],"wp:featuredmedia":[{"embeddable":true,"href":"https:\/\/www.almazararonda.com\/web\/wp-json\/wp\/v2\/media\/28"}],"wp:attachment":[{"href":"https:\/\/www.almazararonda.com\/web\/wp-json\/wp\/v2\/media?parent=26"}],"curies":[{"name":"wp","href":"https:\/\/api.w.org\/{rel}","templated":true}]}}